e -13*x - 20*x = -1584. Calculate the remainder when 85 is divided by x.
37
Let i = -2007 + 2079. Calculate the remainder when i is divided by 23.
3
Suppose 2*z - 68 = 52. Calculate the remainder when 296 is divided by z.
56
Suppose 0 = -2*x + 4 + 2. Suppose -x*o + 2*s + 44 = -0*o, o - 9 = -5*s. What is the remainder when 39 is divided by o?
11
Let a(b) = -5*b - 1. Let c be a(-1). Let y be (-12)/4 + 2 - -98. Suppose -326 = -3*g + c*p, g + p - 7 = y. What is the remainder when g is divided by 27?
25
Suppose 0 = 4*t - 16, -3*r + 4*t + 7 = -2*r. Let k = r + 43. Calculate the remainder when k is divided by 17.
15
Suppose -4*o + 338 = -a, -a + 6*a = -10. Calculate the remainder when o is divided by 48.
36
Let s(k) = -14*k**2 + k**3 - 90 + 49 - 10*k + 49. Let b(l) = l**2 + 3*l + 3. What is the remainder when s(15) is divided by b(-6)?
20
Let y be (0 + 12/3)*45/4. Let k = -34 + y. What is the remainder when k is divided by 6?
5
Suppose 0*m + 3*f - 424 = -4*m, 0 = 5*m + 4*f - 531. Suppose 4*w + 31 = 2*v + m, 0 = w - 4*v - 11. Calculate the remainder when 72 is divided by w.
15
Let y = -342 - -379. Calculate the remainder when y is divided by 34.
3
Let c = 0 - -3. Suppose 5*u - 3*h + 16 = 82, c*u - 48 = -h. Suppose -9 = -3*x + 2*x. Calculate the remainder when u is divided by x.
6
Let g(a) = -7*a. Suppose 0 = -2*y - 22*v + 19*v + 27, 0 = -y - 3*v + 15. Calculate the remainder when y is divided by g(-1).
5
Suppose -5*q + 195 = -2*y + 3*y, -5*y + 39 = q. Suppose 6*j - 5*f - 75 = j, 5*f + q = 2*j. What is the remainder when 33 is divided by j?
9
Suppose 368 + 2068 = 58*r. Calculate the remainder when 51 is divided by r.
9
Suppose 250 = 10*x + 70. Suppose -w - t = -3*w + 45, -w + x = -2*t. What is the remainder when w is divided by (-2)/(2/9)*-1?
6
Suppose 27 = b - 24. Calculate the remainder when b is divided by 0 + (-3)/27 + 2714/207.
12
Suppose 0 = -3*q - 3*v + 125 + 13, -v = 4. Suppose 7 + q = 3*c. What is the remainder when c is divided by 4?
3
Let g = -10 + 25. Suppose q + 2*h - g = 0, h + 31 = 3*q - 0*h. What is the remainder when (3/2)/(((-6)/273)/(20/(-65))) is divided by q?
10
Let f(c) = 2*c**2 - 26*c + 6. Let l be f(13). Suppose 2*v - 34 + l = 0. What is the remainder when 124 is divided by v?
12
Let f(x) = -x**3 + 13*x**2 - 12*x + 4. Let y be f(12). Suppose z - 23 = -y*q, -5*z + 41 + 26 = -4*q. Calculate the remainder when z is divided by 10.
5
Calculate the remainder when 292 is divided by ((-20)/70 - (-102)/14) + 128.
22
Let g(t) = t**3 + 12*t**2 + 8*t + 2. Let c = 16 - 9. Let i(d) = -d**3 + 6*d**2 + 8*d + 2. Calculate the remainder when g(-11) is divided by i(c).
8
Suppose n = -b + 410, 5*b + n - 2722 + 692 = 0. Calculate the remainder when b is divided by 51.
48
Let w(f) = -f + 3. Suppose 2*v + 4*o + 83 = -69, 3*o + 319 = -4*v. Calculate the remainder when w(-5) is divided by v/(-16) - 3/24.
3
Let y(z) = 15*z. Let b be y(2). Calculate the remainder when (-1)/((-10)/3 + 3) is divided by (-6)/b + 11/5.
1
Let g(h) = 4*h**2 + 94*h - 33. What is the remainder when g(-25) is divided by 37?
6
Let t = 34 + -31. Suppose s + 32 = 5*m - 329, -2*m + 147 = -t*s. What is the remainder when m is divided by 15?
12
Let u(d) = d. Let f(m) = -m. Let w(v) = -4*f(v) - 3*u(v). Suppose 0 = 4*i, 5*g + 84 - 254 = 3*i. What is the remainder when g is divided by w(7)?
6
Suppose -2*k - 3*k - 5 = -t, -k - 43 = -3*t. Let y be 0 + (0 + 1 - -4). Suppose y*r = 65 + 225. What is the remainder when r is divided by t?
13
Suppose -12 = 2*g - 6*g. Suppose 2*r - 154 = -g*z, r - 11 = -4*z + 66. Calculate the remainder when r is divided by 20.
17
Let z(d) = d**3 + 34*d**2 - d - 15. What is the remainder when 36 is divided by z(-34)?
17
Let m be 2 - (-7 - (-1 - 1)). Suppose y = -m*y + 104. What is the remainder when 24 is divided by y?
11
Let a(r) = r**3 + 5*r**2 - 23*r + 18. Suppose 3*s + 3 = 27. Calculate the remainder when 4/(-5)*(-580)/s is divided by a(-8).
8
Suppose -z + 4 = -5. What is the remainder when (z/(-6))/((-6)/304) is divided by 39?
37
Suppose 0*q - 3*q = -21. Calculate the remainder when 286 is divided by q.
6
Suppose 922 = 5*a + h - 31, 5*a - 5*h = 935. Calculate the remainder when a is divided by 58.
16
Suppose -4*t + 2*v = -36, 3*v = 4*t + 2*v - 38. Let d = 48 + -9. Suppose -13*m + 14*m = d. Calculate the remainder when m is divided by t.
9
Suppose -5*z = 2*y, -2*y + 6*y - 28 = 4*z. Calculate the remainder when y is divided by 1/(-4) + (-34)/(-8).
1
Suppose -96 - 14 = -3*x + u, -36 = -x + u. Calculate the remainder when 54 is divided by x.
17
Let r(n) = -9*n - 5*n - 375*n**2 - 42 + 374*n**2 - 4*n. Calculate the remainder when r(-15) is divided by 2.
1
Let v be 8/(-5*1/(-100)). Let x = -150 + v. What is the remainder when 39 is divided by x?
9
Let n be 1 + (-343)/5 + 26/(-65). Let h = 75 + n. What is the remainder when 25 is divided by h?
4
Let c = 933 - 875. Calculate the remainder when 171 is divided by c.
55
Suppose -2*w = -5*o + 26, -o - 3*w + 6*w = 0. Calculate the remainder when 69 is divided by o.
3
Let z be (-9)/(-6)*(-44)/6. Let t = z + 14. Suppose t*r + a = -0*r + 58, 2*a - 76 = -4*r. What is the remainder when 58 is divided by r?
18
Let v(c) be the third derivative of 0 - 1/6*c**3 + 1/120*c**6 - 1/15*c**5 + 5/24*c**4 + 6*c**2 + 0*c. What is the remainder when v(4) is divided by 10?
9
Let o(h) = h**3 + 10*h**2 - 13*h - 5. Let v be o(-11). Let u = v + -17. Suppose u = 4*c - 121 + 13. Calculate the remainder when c is divided by 10.
7
Suppose -4*z - 42 = 2*a, -z + 2*a - 3 = a. Let t(n) = -n**3 + 5*n**2 + 22. Let c be t(7). What is the remainder when c/z + (-2)/4 is divided by 3?
0
Calculate the remainder when 6 - 2598/(-15) - (-1)/(-5) is divided by 13.
10
Let p(w) = 2*w - 19. Let z be p(11). Let i(q) = -10*q**2 + 3*q**3 - 9*q + 11 - 3*q**3 - q**z. What is the remainder when 43 is divided by i(-9)?
10
Suppose c + 24 = 85. Suppose 7*v = 287 - 140. What is the remainder when c is divided by v?
19
Suppose -20*n = -24*n + 2*v + 66, 3*n - 45 = -3*v. Suppose -9 = -3*k, -k = 2*r + 4*k - 75. Calculate the remainder when r is divided by n.
14
Let f = 59 + -6. Let y = -887 - -898. What is the remainder when f is divided by y?
9
Let t = 12 + -17. Let a(m) = -12*m + 2. What is the remainder when a(t) is divided by 32?
30
Let i(x) = 10*x + x**2 - 5*x**3 + 0*x**3 + 15 + 4*x**3 - 14. Calculate the remainder when 114 is divided by i(3).
10
Let o(q) = -q + 1. What is the remainder when 276 is divided by o(-18)?
10
What is the remainder when 179 is divided by 10*((-12)/(-8) + 6)?
29
Suppose -112 - 174 = -26*w. Calculate the remainder when 29 is divided by w.
7
Let c be (-2)/(351/88 - 4). Let a be (-3 - -8)*c/(-10). What is the remainder when 40 is divided by a/(-6) - 4/6?
12
Let x be (8/16)/((-1)/(-4)). Suppose 0 = m + 1, -3*c - x*m + 3*m = -4. Calculate the remainder when -1 + 1 + -2 + 6 is divided by c.
0
Let y(a) = 3*a**2 + 2*a**2 + 0*a**2 + 4 - 4*a**2. Let t be y(0). What is the remainder when t/(-10) - (-674)/10 is divided by 14?
11
Let c(j) = 2*j - 2. Let r be c(5). Suppose -3*h - 216 = -r*h + 4*z, z + 175 = 4*h. Calculate the remainder when h is divided by 17 + -3*24/36.
14
Let k be (28/(-35))/((-2)/75). Suppose -4*u + 5*w = 87, -2*u - 21 = 4*w + w. Let c = k + u. Calculate the remainder when c is divided by 7.
5
Let p = 194 + -155. Let q = -18 + 68. Suppose 7*h = 2*h + q. What is the remainder when p is divided by h?
9
Suppose -4*f - 4*v = -228, 0 = 2*f + v + 3*v - 112. Calculate the remainder when f is divided by 22.
14
What is the remainder when (-4)/14 + (-1)/(63/(-7452)) is divided by 17?
16
Suppose 436 + 104 = 9*c. What is the remainder when 656 is divided by c?
56
Let s(d) = 14*d**2 - 3. Suppose -7 = -11*o + 15. Let l = 33 - 19. What is the remainder when s(o) is divided by l?
11
Let l = -14 + 16. Suppose l*h - 7*h = -30. Suppose f = h*f - 10, -20 = -y - 2*f. Calculate the remainder when 29 is divided by y.
13
Calculate the remainder when (-6153)/(-63) - (-2)/(-3) is divided by 25.
22
Let i = 3022 + -2919. What is the remainder when i is divided by 52?
51
Let s(u) = 2*u + 16. Let b be s(0). Let a = b + -5. Suppose d = 6*d - 15. Calculate the remainder when a is divided by d.
2
Suppose 40 = -4*a - 0*a. Let n = a - -15. Suppose -4*z = -7*z - 2*x + 43, -x +